{"id":202,"date":"2020-12-29T20:45:08","date_gmt":"2020-12-29T20:45:08","guid":{"rendered":"https:\/\/h-knieling.de\/?page_id=202"},"modified":"2020-12-29T20:55:09","modified_gmt":"2020-12-29T20:55:09","slug":"der-film-selbst-geheilt","status":"publish","type":"page","link":"https:\/\/h-knieling.de\/?page_id=202","title":{"rendered":"Der Film &#8222;Selbst Geheilt&#8220;"},"content":{"rendered":"\n<figure class=\"wp-block-image size-large\"><a href=\"https:\/\/selbstgeheilt.com\"><img loading=\"lazy\" decoding=\"async\" width=\"725\" height=\"1024\" src=\"https:\/\/h-knieling.de\/wp-content\/uploads\/2020\/12\/A3-Filmplakat-SELBSTGEHEILT-PNG-2020-725x1024.png\" alt=\"\" class=\"wp-image-203\" srcset=\"https:\/\/h-knieling.de\/wp-content\/uploads\/2020\/12\/A3-Filmplakat-SELBSTGEHEILT-PNG-2020-725x1024.png 725w, https:\/\/h-knieling.de\/wp-content\/uploads\/2020\/12\/A3-Filmplakat-SELBSTGEHEILT-PNG-2020-212x300.png 212w, https:\/\/h-knieling.de\/wp-content\/uploads\/2020\/12\/A3-Filmplakat-SELBSTGEHEILT-PNG-2020-768x1085.png 768w, https:\/\/h-knieling.de\/wp-content\/uploads\/2020\/12\/A3-Filmplakat-SELBSTGEHEILT-PNG-2020-1087x1536.png 1087w, https:\/\/h-knieling.de\/wp-content\/uploads\/2020\/12\/A3-Filmplakat-SELBSTGEHEILT-PNG-2020.png 1241w\" sizes=\"auto, (max-width: 725px) 100vw, 725px\" \/><\/a><\/figure>\n\n\n<h1 style=\"text-align: center;\">Der Film<\/h1>\n<p><\/p>\n<p class=\"subtext\">&#8222;9 Methoden hat Stephan Petrowitsch zusammengetragen und \u2013 wie bei Wunder der Lebenskraft \u2013 meist auch selbst an sich erprobt.<\/p>\n<p><\/p>\n<p>Der Film \u201eSelbst Geheilt\u201c liefert Informationen, damit Menschen ihre Eigenverantwortung in Bezug auf ihre eigene Gesundheit noch besser leben k\u00f6nnen. Die Methoden, die der Film zeigt,<br>\u2022 ben\u00f6tigen keine Vorkenntnisse,<br>\u2022 sind extrem schnell zu erlernen,<br>\u2022 haben eine breite Anwendungspalette,<br>\u2022 halfen schon in zahllosen Einzelf\u00e4llen.<br>Die h\u00e4ufigste Frage der Kinozuschauer w\u00e4hrend der fast 4 Jahre, in denen der Regisseur des Films, Stephan Petrowitsch, seinen ersten Kinofilm \u201eWunder der Lebenskraft\u201c im Kino begleitete war: \u201eWie komme ich zu einer Heilung? Zu wem muss ich gehen?\u201c<br>Da \u201eWunder der Lebenskraft\u201c einige herausragende Heiler zeigte, aufgrund deren Arbeit die Eigenschaften der Lebenskraft und damit auch der Selbstheilungskr\u00e4fte des Menschen erkl\u00e4rt wurden, war diese Frage verst\u00e4ndlich. Allerdings waren diese Heiler \u2013 sp\u00e4testens als Wunder der Lebenskraft im Kino lief \u2013 schnell ausgebucht.<br>So gewann eine weitere sehr h\u00e4ufige Frage der Kinozuschauer mehr und mehr an Bedeutung: \u201eWas kann ich selbst tun, um Heilung zu erfahren?\u201c<br>\u201eSelbst Geheilt\u201c widmet sich der Antwort auf diese Frage.<br>Wieder hat sich das Team rund um Stephan Petrowitsch auf die Suche begeben, wobei nat\u00fcrlich auch F\u00fcgungen behilflich waren, die halfen, fast ausschlie\u00dflich unbekannte, aber h\u00f6chst effektive Methoden zu finden, die jeder einzelne f\u00fcr sich anwenden kann, um zu einem besseren Gesundheitszustand zu gelangen.<br>In zwei F\u00e4llen handelt es sich um Methoden, die man f\u00fcr andere anwendet, oder bei denen eine Assistenz durch andere n\u00f6tig ist, damit die Methode gefahrlos eingesetzt werden kann.<br>Das Endergebnis ist ein Film, der herausragende Selbsthilfemethoden zeigt. Das Ziel des Filmes ist, dass die Palette an gezeigten Methoden so breit ist, dass fast alle Zuschauer \u201eihre\u201c Methode finden, nach deren konsequentem Praktizieren f\u00fcr sie die Aussage stehen kann:<br>Ich habe mich selbst geheilt!&#8220;<\/p>\n\n\n<div class=\"wp-block-buttons is-layout-flex wp-block-buttons-is-layout-flex\">\n<div class=\"wp-block-button\"><a class=\"wp-block-button__link has-text-color has-background\" href=\"https:\/\/selbstgeheilt.com\" style=\"border-radius:8px;background:radial-gradient(rgb(202,248,128) 0%,rgb(113,206,126) 100%);color:#5a5a5a\" target=\"_blank\" rel=\"noreferrer noopener\">&#8230; weiter zur Webseite<\/a><\/div>\n<\/div>\n\n\n\n<p><\/p>\n","protected":false},"excerpt":{"rendered":"<p>Der Film &#8222;9 Methoden hat Stephan Petrowitsch zusammengetragen und \u2013 wie bei Wunder der Lebenskraft \u2013 meist auch selbst an sich erprobt. Der Film \u201eSelbst Geheilt\u201c liefert Informationen, damit Menschen ihre Eigenverantwortung in Bezug auf ihre eigene Gesundheit noch besser leben k\u00f6nnen. Die Methoden, die der Film zeigt,\u2022 ben\u00f6tigen keine Vorkenntnisse,\u2022 sind extrem schnell zu &hellip; <\/p>\n<p class=\"link-more\"><a href=\"https:\/\/h-knieling.de\/?page_id=202\" class=\"more-link\"><span class=\"screen-reader-text\">\u201eDer Film &#8222;Selbst Geheilt&#8220;\u201c <\/span>weiterlesen<\/a><\/p>\n","protected":false},"author":1,"featured_media":0,"parent":0,"menu_order":0,"comment_status":"closed","ping_status":"closed","template":"","meta":{"footnotes":""},"class_list":["post-202","page","type-page","status-publish","hentry"],"_links":{"self":[{"href":"https:\/\/h-knieling.de\/index.php?rest_route=\/wp\/v2\/pages\/202","targetHints":{"allow":["GET"]}}],"collection":[{"href":"https:\/\/h-knieling.de\/index.php?rest_route=\/wp\/v2\/pages"}],"about":[{"href":"https:\/\/h-knieling.de\/index.php?rest_route=\/wp\/v2\/types\/page"}],"author":[{"embeddable":true,"href":"https:\/\/h-knieling.de\/index.php?rest_route=\/wp\/v2\/users\/1"}],"replies":[{"embeddable":true,"href":"https:\/\/h-knieling.de\/index.php?rest_route=%2Fwp%2Fv2%2Fcomments&post=202"}],"version-history":[{"count":4,"href":"https:\/\/h-knieling.de\/index.php?rest_route=\/wp\/v2\/pages\/202\/revisions"}],"predecessor-version":[{"id":212,"href":"https:\/\/h-knieling.de\/index.php?rest_route=\/wp\/v2\/pages\/202\/revisions\/212"}],"wp:attachment":[{"href":"https:\/\/h-knieling.de\/index.php?rest_route=%2Fwp%2Fv2%2Fmedia&parent=202"}],"curies":[{"name":"wp","href":"https:\/\/api.w.org\/{rel}","templated":true}]}}